{"id":1075,"date":"2020-08-19T11:50:42","date_gmt":"2020-08-19T09:50:42","guid":{"rendered":"http:\/\/www.cafe-baer.de\/?page_id=1075"},"modified":"2020-08-30T16:47:58","modified_gmt":"2020-08-30T14:47:58","slug":"ueber-uns","status":"publish","type":"page","link":"http:\/\/www.cafe-baer.de\/?page_id=1075","title":{"rendered":"\u00dcber uns"},"content":{"rendered":"\n<div class=\"wp-block-media-text alignwide has-media-on-the-right is-stacked-on-mobile is-image-fill\" style=\"grid-template-columns:auto 37%\"><figure class=\"wp-block-media-text__media\" style=\"background-image:url(http:\/\/www.cafe-baer.de\/wp-content\/uploads\/2020\/08\/backstube_k.jpg);background-position:50% 50%\"><img loading=\"lazy\" decoding=\"async\" width=\"230\" height=\"173\" src=\"http:\/\/www.cafe-baer.de\/wp-content\/uploads\/2020\/08\/backstube_k.jpg\" alt=\"\" class=\"wp-image-1076\"\/><\/figure><div class=\"wp-block-media-text__content\">\n<p>Seit 1959 verw\u00f6hnt Sie unsere Konditorei mit traditionellen hauseigenen Kreationen nach Familienrezept.<br>Wir bieten Ihnen vor Ort eine qualitativ hochwertige Auswahl an Torten, Geb\u00e4ck, Pralinen und unterschiedlichen Schokoladenkreationen.<br>Diese k\u00f6nnen Sie f\u00fcr verschiedene Anl\u00e4sse bei uns bestellen und nach Ihren W\u00fcnschen bei uns gestalten und anfertigen lassen.<\/p>\n<\/div><\/div>\n\n\n\n<div style=\"height:20px\" aria-hidden=\"true\" class=\"wp-block-spacer\"><\/div>\n\n\n\n<h4 class=\"wp-block-heading\">Unser Caf\u00e9<\/h4>\n\n\n\n<p>Unser Caf\u00e9 ist ebenerdig erreichbar und besitzt \u00fcber 45 Sitzpl\u00e4tze im Hauptraum und 25 Pl\u00e4tze im Nebenraum. Im Au\u00dfenbereich haben wir weitere 25 Sitzpl\u00e4tze und einen hauseigenen, direkt an das Caf\u00e9 angrenzenden Parkplatz.<\/p>\n\n\n\n<div style=\"height:20px\" aria-hidden=\"true\" class=\"wp-block-spacer\"><\/div>\n\n\n<div id=\"metaslider-id-1056\" style=\"width: 100%; margin: 0 auto;\" class=\"ml-slider-3-107-0 metaslider metaslider-flex metaslider-1056 ml-slider has-dots-nav has-carousel-mode ms-theme-simply-dark\" role=\"region\" aria-label=\"UnserCafeUebersicht\" data-height=\"200\" data-width=\"250\">\n    <div id=\"metaslider_container_1056\">\n        <div id=\"metaslider_1056\" class=\"flexslider\">\n            <ul class='slides'>\n                <li style=\"display: none; width: 100%;\" class=\"slide-1062 ms-image \" aria-roledescription=\"slide\" data-date=\"2020-08-19 11:14:53\" data-filename=\"alt_karte_g-250x200.jpg\" data-slide-type=\"image\"><img loading=\"lazy\" decoding=\"async\" src=\"http:\/\/www.cafe-baer.de\/wp-content\/uploads\/2020\/08\/alt_karte_g-250x200.jpg\" height=\"200\" width=\"250\" alt=\"\" class=\"slider-1056 slide-1062 msDefaultImage\" title=\"alt_karte_g\" \/><\/li>\n                <li style=\"display: none; width: 100%;\" class=\"slide-1069 ms-image \" aria-roledescription=\"slide\" data-date=\"2020-08-19 11:14:53\" data-filename=\"kuchentheke_g-250x200.jpg\" data-slide-type=\"image\"><img loading=\"lazy\" decoding=\"async\" src=\"http:\/\/www.cafe-baer.de\/wp-content\/uploads\/2020\/08\/kuchentheke_g-250x200.jpg\" height=\"200\" width=\"250\" alt=\"\" class=\"slider-1056 slide-1069 msDefaultImage\" title=\"User comments\" \/><\/li>\n                <li style=\"display: none; width: 100%;\" class=\"slide-1064 ms-image \" aria-roledescription=\"slide\" data-date=\"2020-08-19 11:14:53\" data-filename=\"aussenbereich_g-250x200.jpg\" data-slide-type=\"image\"><img loading=\"lazy\" decoding=\"async\" src=\"http:\/\/www.cafe-baer.de\/wp-content\/uploads\/2020\/08\/aussenbereich_g-250x200.jpg\" height=\"200\" width=\"250\" alt=\"\" class=\"slider-1056 slide-1064 msDefaultImage\" title=\"aussenbereich_g\" \/><\/li>\n                <li style=\"display: none; width: 100%;\" class=\"slide-1067 ms-image \" aria-roledescription=\"slide\" data-date=\"2020-08-19 11:14:53\" data-filename=\"kuchen02_g-1-250x200.jpg\" data-slide-type=\"image\"><img loading=\"lazy\" decoding=\"async\" src=\"http:\/\/www.cafe-baer.de\/wp-content\/uploads\/2020\/08\/kuchen02_g-1-250x200.jpg\" height=\"200\" width=\"250\" alt=\"\" class=\"slider-1056 slide-1067 msDefaultImage\" title=\"kuchen02_g\" \/><\/li>\n                <li style=\"display: none; width: 100%;\" class=\"slide-1063 ms-image \" aria-roledescription=\"slide\" data-date=\"2020-08-19 11:14:53\" data-filename=\"aussenansicht_g-250x200.jpg\" data-slide-type=\"image\"><img loading=\"lazy\" decoding=\"async\" src=\"http:\/\/www.cafe-baer.de\/wp-content\/uploads\/2020\/08\/aussenansicht_g-250x200.jpg\" height=\"200\" width=\"250\" alt=\"\" class=\"slider-1056 slide-1063 msDefaultImage\" title=\"aussenansicht_g\" \/><\/li>\n                <li style=\"display: none; width: 100%;\" class=\"slide-1068 ms-image \" aria-roledescription=\"slide\" data-date=\"2020-08-19 11:14:53\" data-filename=\"kuchen01_e-250x200.jpg\" data-slide-type=\"image\"><img loading=\"lazy\" decoding=\"async\" src=\"http:\/\/www.cafe-baer.de\/wp-content\/uploads\/2020\/08\/kuchen01_e-250x200.jpg\" height=\"200\" width=\"250\" alt=\"\" class=\"slider-1056 slide-1068 msDefaultImage\" title=\"kuchen01_e\" \/><\/li>\n                <li style=\"display: none; width: 100%;\" class=\"slide-1065 ms-image \" aria-roledescription=\"slide\" data-date=\"2020-08-19 11:14:53\" data-filename=\"innenbereich_g-250x200.jpg\" data-slide-type=\"image\"><img loading=\"lazy\" decoding=\"async\" src=\"http:\/\/www.cafe-baer.de\/wp-content\/uploads\/2020\/08\/innenbereich_g-250x200.jpg\" height=\"200\" width=\"250\" alt=\"\" class=\"slider-1056 slide-1065 msDefaultImage\" title=\"innenbereich_g\" \/><\/li>\n                <li style=\"display: none; width: 100%;\" class=\"slide-1066 ms-image \" aria-roledescription=\"slide\" data-date=\"2020-08-19 11:14:53\" data-filename=\"neu_karte_g-250x200.jpg\" data-slide-type=\"image\"><img loading=\"lazy\" decoding=\"async\" src=\"http:\/\/www.cafe-baer.de\/wp-content\/uploads\/2020\/08\/neu_karte_g-250x200.jpg\" height=\"200\" width=\"250\" alt=\"\" class=\"slider-1056 slide-1066 msDefaultImage\" title=\"neu_karte_g\" \/><\/li>\n            <\/ul>\n        <\/div>\n        \n    <\/div>\n<\/div>\n","protected":false},"excerpt":{"rendered":"<p>Seit 1959 verw\u00f6hnt Sie unsere Konditorei mit traditionellen hauseigenen Kreationen nach Familienrezept.Wir bieten Ihnen vor Ort eine qualitativ hochwertige Auswahl an Torten, Geb\u00e4ck, Pralinen und unterschiedlichen Schokoladenkreationen.Diese k\u00f6nnen Sie f\u00fcr verschiedene Anl\u00e4sse bei uns bestellen und nach Ihren W\u00fcnschen bei uns gestalten und anfertigen lassen. Unser Caf\u00e9 Unser Caf\u00e9 ist [&hellip;]<\/p>\n","protected":false},"author":1,"featured_media":0,"parent":0,"menu_order":0,"comment_status":"closed","ping_status":"closed","template":"","meta":{"advgb_blocks_editor_width":"","advgb_blocks_columns_visual_guide":"","footnotes":""},"coauthors":[],"author_meta":{"author_link":"http:\/\/www.cafe-baer.de\/?author=1","display_name":"Niklas"},"relative_dates":{"created":"Posted 6\u00a0Jahren ago","modified":"Updated 6\u00a0Jahren ago"},"absolute_dates":{"created":"Posted on 19. August 2020","modified":"Updated on 30. August 2020"},"absolute_dates_time":{"created":"Posted on 19. August 2020 11:50","modified":"Updated on 30. August 2020 16:47"},"featured_img_caption":"","featured_img":false,"series_order":"","_links":{"self":[{"href":"http:\/\/www.cafe-baer.de\/index.php?rest_route=\/wp\/v2\/pages\/1075"}],"collection":[{"href":"http:\/\/www.cafe-baer.de\/index.php?rest_route=\/wp\/v2\/pages"}],"about":[{"href":"http:\/\/www.cafe-baer.de\/index.php?rest_route=\/wp\/v2\/types\/page"}],"author":[{"embeddable":true,"href":"http:\/\/www.cafe-baer.de\/index.php?rest_route=\/wp\/v2\/users\/1"}],"replies":[{"embeddable":true,"href":"http:\/\/www.cafe-baer.de\/index.php?rest_route=%2Fwp%2Fv2%2Fcomments&post=1075"}],"version-history":[{"count":15,"href":"http:\/\/www.cafe-baer.de\/index.php?rest_route=\/wp\/v2\/pages\/1075\/revisions"}],"predecessor-version":[{"id":1343,"href":"http:\/\/www.cafe-baer.de\/index.php?rest_route=\/wp\/v2\/pages\/1075\/revisions\/1343"}],"wp:attachment":[{"href":"http:\/\/www.cafe-baer.de\/index.php?rest_route=%2Fwp%2Fv2%2Fmedia&parent=1075"}],"curies":[{"name":"wp","href":"https:\/\/api.w.org\/{rel}","templated":true}]}}