{"id":277,"date":"2020-08-18T12:52:55","date_gmt":"2020-08-18T10:52:55","guid":{"rendered":"http:\/\/www.cafe-baer.de\/?page_id=277"},"modified":"2020-08-29T14:00:06","modified_gmt":"2020-08-29T12:00:06","slug":"schokolade","status":"publish","type":"page","link":"http:\/\/www.cafe-baer.de\/?page_id=277","title":{"rendered":"Schokolade"},"content":{"rendered":"\n<div id=\"metaslider-id-1139\" style=\"max-width: 532px; margin: 0 auto;\" class=\"ml-slider-3-107-0 metaslider metaslider-responsive metaslider-1139 ml-slider has-dots-nav ms-theme-simply-dark\" role=\"region\" aria-label=\"Schokoladentafeln\" data-height=\"399\" data-width=\"532\">\n    <div id=\"metaslider_container_1139\">\n        <ul id='metaslider_1139' class='rslides'>\n            <li aria-roledescription='slide' aria-labelledby='slide-0'><a href=\"http:\/\/www.cafe-baer.de\/wp-content\/uploads\/2020\/08\/schokoladentafel07_o.jpg\" target=\"_blank\"><img loading=\"lazy\" decoding=\"async\" src=\"http:\/\/www.cafe-baer.de\/wp-content\/uploads\/2020\/08\/schokoladentafel07_g.jpg\" height=\"399\" width=\"532\" alt=\"\" class=\"slider-1139 slide-1140 msDefaultImage\" title=\"schokoladentafel07_g\" \/><\/a><\/li>\n            <li style='display: none;' aria-roledescription='slide' aria-labelledby='slide-1'><a href=\"http:\/\/www.cafe-baer.de\/wp-content\/uploads\/2020\/08\/schokoladentafel06_o.jpg\" target=\"_blank\"><img loading=\"lazy\" decoding=\"async\" src=\"http:\/\/www.cafe-baer.de\/wp-content\/uploads\/2020\/08\/schokoladentafel06_g.jpg\" height=\"399\" width=\"532\" alt=\"\" class=\"slider-1139 slide-1141 msDefaultImage\" title=\"schokoladentafel06_g\" \/><\/a><\/li>\n            <li style='display: none;' aria-roledescription='slide' aria-labelledby='slide-2'><a href=\"http:\/\/www.cafe-baer.de\/wp-content\/uploads\/2020\/08\/schokoladentafel05_o.jpg\" target=\"_blank\"><img loading=\"lazy\" decoding=\"async\" src=\"http:\/\/www.cafe-baer.de\/wp-content\/uploads\/2020\/08\/schokoladentafel05_g.jpg\" height=\"399\" width=\"532\" alt=\"\" class=\"slider-1139 slide-1142 msDefaultImage\" title=\"schokoladentafel05_g\" \/><\/a><\/li>\n            <li style='display: none;' aria-roledescription='slide' aria-labelledby='slide-3'><a href=\"http:\/\/www.cafe-baer.de\/wp-content\/uploads\/2020\/08\/schokoladentafel03_o.jpg\" target=\"_blank\"><img loading=\"lazy\" decoding=\"async\" src=\"http:\/\/www.cafe-baer.de\/wp-content\/uploads\/2020\/08\/schokoladentafel03_g.jpg\" height=\"399\" width=\"532\" alt=\"\" class=\"slider-1139 slide-1144 msDefaultImage\" title=\"schokoladentafel03_g\" \/><\/a><\/li>\n            <li style='display: none;' aria-roledescription='slide' aria-labelledby='slide-4'><a href=\"http:\/\/www.cafe-baer.de\/wp-content\/uploads\/2020\/08\/schokoladentafel02_o.jpg\" target=\"_blank\"><img loading=\"lazy\" decoding=\"async\" src=\"http:\/\/www.cafe-baer.de\/wp-content\/uploads\/2020\/08\/schokoladentafel02_g.jpg\" height=\"399\" width=\"532\" alt=\"\" class=\"slider-1139 slide-1145 msDefaultImage\" title=\"schokoladentafel02_g\" \/><\/a><\/li>\n            <li style='display: none;' aria-roledescription='slide' aria-labelledby='slide-5'><a href=\"http:\/\/www.cafe-baer.de\/wp-content\/uploads\/2020\/08\/schokoladentafel01_o.jpg\" target=\"_blank\"><img loading=\"lazy\" decoding=\"async\" src=\"http:\/\/www.cafe-baer.de\/wp-content\/uploads\/2020\/08\/schokoladentafel01_g.jpg\" height=\"399\" width=\"532\" alt=\"\" class=\"slider-1139 slide-1146 msDefaultImage\" title=\"schokoladentafel01_g\" \/><\/a><\/li>\n            <li style='display: none;' aria-roledescription='slide' aria-labelledby='slide-6'><a href=\"http:\/\/www.cafe-baer.de\/wp-content\/uploads\/2020\/08\/schokoladentafel04_o.jpg\" target=\"_blank\"><img loading=\"lazy\" decoding=\"async\" src=\"http:\/\/www.cafe-baer.de\/wp-content\/uploads\/2020\/08\/schokoladentafel04_o-532x399.jpg\" height=\"399\" width=\"532\" alt=\"\" class=\"slider-1139 slide-1168 msDefaultImage\" title=\"schokoladentafel04_o.jpg\" \/><\/a><\/li>\n        <\/ul>\n        \n    <\/div>\n<\/div>\n\n\n\n<div style=\"height:47px\" aria-hidden=\"true\" class=\"wp-block-spacer\"><\/div>\n\n\n\n<p>Handgesch\u00f6pfte Schokoladentafeln f\u00fcr jeden Geschmack. Zudem kann jede Sorte individuelle verziert werden. <\/p>\n\n\n\n<h2 class=\"wp-block-heading\">Schokoladentafeln mit Bild<\/h2>\n\n\n\n<div class=\"wp-block-media-text alignwide has-media-on-the-right is-stacked-on-mobile\"><figure class=\"wp-block-media-text__media\"><img loading=\"lazy\" decoding=\"async\" width=\"532\" height=\"399\" src=\"http:\/\/www.cafe-baer.de\/wp-content\/uploads\/2020\/08\/schokoladentafel05_g.jpg\" alt=\"\" class=\"wp-image-1134\" srcset=\"http:\/\/www.cafe-baer.de\/wp-content\/uploads\/2020\/08\/schokoladentafel05_g.jpg 532w, http:\/\/www.cafe-baer.de\/wp-content\/uploads\/2020\/08\/schokoladentafel05_g-300x225.jpg 300w\" sizes=\"(max-width: 532px) 100vw, 532px\" \/><\/figure><div class=\"wp-block-media-text__content\">\n<p>Jede unserer handgesch\u00f6pften Schokoladentafeln kann bei Bedarf auch mit ihrem individuellen Bild verziert werden. <\/p>\n<\/div><\/div>\n\n\n\n<div style=\"height:20px\" aria-hidden=\"true\" class=\"wp-block-spacer\"><\/div>\n\n\n\n<h2 class=\"wp-block-heading\">Verschiedene Schokoladensorten<\/h2>\n\n\n\n<div class=\"wp-block-media-text alignwide has-media-on-the-right is-stacked-on-mobile\"><figure class=\"wp-block-media-text__media\"><img loading=\"lazy\" decoding=\"async\" width=\"532\" height=\"399\" src=\"http:\/\/www.cafe-baer.de\/wp-content\/uploads\/2020\/08\/schokoladentafel03_g.jpg\" alt=\"\" class=\"wp-image-1132\" srcset=\"http:\/\/www.cafe-baer.de\/wp-content\/uploads\/2020\/08\/schokoladentafel03_g.jpg 532w, http:\/\/www.cafe-baer.de\/wp-content\/uploads\/2020\/08\/schokoladentafel03_g-300x225.jpg 300w\" sizes=\"(max-width: 532px) 100vw, 532px\" \/><\/figure><div class=\"wp-block-media-text__content\">\n<p>Kosten Sie von unseren handgesch\u00f6pften Gaumenfreuden. Es sollte f\u00fcr jeden Geschmack etwas dabei sein.<\/p>\n<\/div><\/div>\n\n\n\n<div style=\"height:20px\" aria-hidden=\"true\" class=\"wp-block-spacer\"><\/div>\n\n\n\n<p>W\u00fcnschen Sie eine individuelle Beratung? Kommen Sie doch einfach vorbei oder <a href=\"http:\/\/www.cafe-baer.de\/?page_id=1115\">kontaktieren<\/a> Sie uns. <\/p>\n","protected":false},"excerpt":{"rendered":"<p>Handgesch\u00f6pfte Schokoladentafeln f\u00fcr jeden Geschmack. Zudem kann jede Sorte individuelle verziert werden. Schokoladentafeln mit Bild Jede unserer handgesch\u00f6pften Schokoladentafeln kann bei Bedarf auch mit ihrem individuellen Bild verziert werden. Verschiedene Schokoladensorten Kosten Sie von unseren handgesch\u00f6pften Gaumenfreuden. Es sollte f\u00fcr jeden Geschmack etwas dabei sein. W\u00fcnschen Sie eine individuelle Beratung? [&hellip;]<\/p>\n","protected":false},"author":1,"featured_media":0,"parent":0,"menu_order":0,"comment_status":"closed","ping_status":"closed","template":"","meta":{"advgb_blocks_editor_width":"","advgb_blocks_columns_visual_guide":"","footnotes":""},"coauthors":[],"author_meta":{"author_link":"http:\/\/www.cafe-baer.de\/?author=1","display_name":"Niklas"},"relative_dates":{"created":"Posted 6\u00a0Jahren ago","modified":"Updated 6\u00a0Jahren ago"},"absolute_dates":{"created":"Posted on 18. August 2020","modified":"Updated on 29. August 2020"},"absolute_dates_time":{"created":"Posted on 18. August 2020 12:52","modified":"Updated on 29. August 2020 14:00"},"featured_img_caption":"","featured_img":false,"series_order":"","_links":{"self":[{"href":"http:\/\/www.cafe-baer.de\/index.php?rest_route=\/wp\/v2\/pages\/277"}],"collection":[{"href":"http:\/\/www.cafe-baer.de\/index.php?rest_route=\/wp\/v2\/pages"}],"about":[{"href":"http:\/\/www.cafe-baer.de\/index.php?rest_route=\/wp\/v2\/types\/page"}],"author":[{"embeddable":true,"href":"http:\/\/www.cafe-baer.de\/index.php?rest_route=\/wp\/v2\/users\/1"}],"replies":[{"embeddable":true,"href":"http:\/\/www.cafe-baer.de\/index.php?rest_route=%2Fwp%2Fv2%2Fcomments&post=277"}],"version-history":[{"count":7,"href":"http:\/\/www.cafe-baer.de\/index.php?rest_route=\/wp\/v2\/pages\/277\/revisions"}],"predecessor-version":[{"id":1169,"href":"http:\/\/www.cafe-baer.de\/index.php?rest_route=\/wp\/v2\/pages\/277\/revisions\/1169"}],"wp:attachment":[{"href":"http:\/\/www.cafe-baer.de\/index.php?rest_route=%2Fwp%2Fv2%2Fmedia&parent=277"}],"curies":[{"name":"wp","href":"https:\/\/api.w.org\/{rel}","templated":true}]}}